{"id":257,"date":"2018-04-21T18:52:11","date_gmt":"2018-04-21T16:52:11","guid":{"rendered":"http:\/\/isaplomb.org\/web\/it\/?post_type=profile&#038;p=257"},"modified":"2018-06-14T13:18:48","modified_gmt":"2018-06-14T11:18:48","slug":"noelle-perez-christiaens","status":"publish","type":"profile","link":"http:\/\/www.aplombitalia.it\/sito\/profile\/noelle-perez-christiaens\/","title":{"rendered":"No\u00eblle Perez Christiaens &#8211; Jos\u00e9 Miguel da Fonseca"},"content":{"rendered":"<style type=\"text\/css\"><\/style><p><strong>No\u00eblle Perez<\/strong> \u00e8 nata a Reims il 28.12.1925. Dopo aver lavorato per 6 anni in Francia con i pochi insegnanti di yoga degli anni &#8217;50, nel 1959 si \u00e8 recata in India per incontrare B.K.S. Iyengar che l&#8217;ha introdotta allo yoga totale in profondit\u00e0 e le ha permesso di dare un nome alla sua scuola:<\/p>\n<p>&#8220;Yoga, Institut B.K.S. Iyengar de Paris&#8221;.<\/p>\n<p>L&#8217;apr\u00ec ad una precisa ricerca etnofisiologica sull&#8217;aplomb grazie all&#8217;etnografia. Ha fatto numerosi viaggi di studio in Africa, Portogallo, Asia e America Centrale, che hanno portato alla pubblicazione di numerosi libri sulla sua ricerca. Durante i suoi soggiorni in Portogallo, ha incontrato Jos\u00e9 Miguel da Fonseca, uno\u00a0 scaricatore di pesce del porto, che ha sposato e che l&#8217;ha aiutata molto nel suo lavoro. Questi sono stati sanzionati da vari diplomi: uno all&#8217;Ecole Pratique des Hautes Etudes il : &#8220;L&#8217;uso della testa e del cappello degli scaricatori di pesce di Set\u00fabal&#8221;; poi a una D.E.A. su &#8220;Ibero-Maghreb resorge nei secoli XIX e XX in Portogallo&#8221; e infine a una tesi di 2.600 pagine su &#8220;I diversi modi di portare carichi su se stessi&#8221;.<\/p>\n<p><strong>Jos\u00e9 Miguel da Fonseca<\/strong> \u00e8 nato a Set\u00fabal il 17.03.1932, \u2020 in Agosto 2015. Fu dichiarato al municipio dal padre il 27.04.1932. Suo padre si guadagn\u00f2 da vivere come &#8220;descarregador de peixe&#8221;; quando mor\u00ec, Miguel aveva solo dieci anni, sua madre e sua sorella maggiore lavoravano in una fabbrica di conserve e gestiva la casa, cucinavano e curavano i quattro piccoli. Cos\u00ec non poteva andare a scuola ed \u00e8 analfabeta, cos\u00ec il suo cervello si \u00e8 sviluppato in un modo diverso dal nostro, che \u00e8 stato un aiuto prezioso nella ricerca di Natale. Cominci\u00f2 a dipingere se stesso per arredare la sua solitudine quando era a Parigi e questa passione non lo lasci\u00f2 mai.<\/p>\n<p>Ha organizzato numerose mostre in Francia e all&#8217;estero; \u00e8 permanente in diversi musei d&#8217;arte naif, tra cui quello di Parigi. In Italia, nell&#8217;agosto 2015, poco dopo la sua morte, viene inaugurato il Museo ISA, dove vengono presentate tutte le sue opere, dipinti e ritagli, cos\u00ec come tutto ci\u00f2 che ha portato con s\u00e9 dai suoi numerosi viaggi a No\u00eblle, senza dimenticare le testimonianze della vita portoghese del tempo di sua madre.<\/p>\n<p>Il cervello di Miguel e quello di tutti gli analfabeti si \u00e8 sviluppato, come quello dei bambini, nel concreto; questi esseri sono chiavi importanti che, aprendo gli occhi, contribuiscono a condurci sulle strade dell&#8217;aplomb diventando per noi, in un certo senso, maestri.<\/p>\n<p>Mus\u00e9e de l\u2019ISA \u2013 Italie<br \/>\nRenazzo di Cento (Ferrarra) \u2013 Via Pilastro, 59<br \/>\nT\u00e9l : 0039 320 066 3575<\/p>\n<p><em>Ultimo aggiornamento Giugno 2018<\/em><\/p>\n","protected":false},"excerpt":{"rendered":"<p>No\u00eblle Perez \u00e8 nata a Reims il 28.12.1925. Dopo aver lavorato per 6 anni in Francia con i pochi insegnanti di yoga degli anni &#8217;50, nel 1959 si \u00e8 recata in India per incontrare B.K.S. Iyengar che l&#8217;ha introdotta allo yoga totale in profondit\u00e0 e le ha permesso di dare un nome alla sua scuola:&#8230;<\/p>\n","protected":false},"featured_media":258,"menu_order":1,"comment_status":"closed","ping_status":"open","template":"","meta":{"advanced_seo_description":"","spay_email":""},"pl-categs":[6],"_links":{"self":[{"href":"http:\/\/www.aplombitalia.it\/sito\/wp-json\/wp\/v2\/profile\/257"}],"collection":[{"href":"http:\/\/www.aplombitalia.it\/sito\/wp-json\/wp\/v2\/profile"}],"about":[{"href":"http:\/\/www.aplombitalia.it\/sito\/wp-json\/wp\/v2\/types\/profile"}],"replies":[{"embeddable":true,"href":"http:\/\/www.aplombitalia.it\/sito\/wp-json\/wp\/v2\/comments?post=257"}],"version-history":[{"count":1,"href":"http:\/\/www.aplombitalia.it\/sito\/wp-json\/wp\/v2\/profile\/257\/revisions"}],"predecessor-version":[{"id":1200,"href":"http:\/\/www.aplombitalia.it\/sito\/wp-json\/wp\/v2\/profile\/257\/revisions\/1200"}],"wp:featuredmedia":[{"embeddable":true,"href":"http:\/\/www.aplombitalia.it\/sito\/wp-json\/wp\/v2\/media\/258"}],"wp:attachment":[{"href":"http:\/\/www.aplombitalia.it\/sito\/wp-json\/wp\/v2\/media?parent=257"}],"wp:term":[{"taxonomy":"pl-categs","embeddable":true,"href":"http:\/\/www.aplombitalia.it\/sito\/wp-json\/wp\/v2\/pl-categs?post=257"}],"curies":[{"name":"wp","href":"https:\/\/api.w.org\/{rel}","templated":true}]}}

Noëlle Perez Christiaens &#8211; José Miguel da Fonseca

<style type="text/css"></style><p><strong>Noëlle Perez</strong> è nata a Reims il 28.12.1925. Dopo aver lavorato per 6 anni in Francia con i pochi insegnanti di yoga degli anni &#8217;50, nel 1959 si è recata in India per incontrare B.K.S. Iyengar che l&#8217;ha introdotta allo yoga totale in profondità e le ha permesso di dare un nome alla sua scuola:</p>
<p>&#8220;Yoga, Institut B.K.S. Iyengar de Paris&#8221;.</p>
<p>L&#8217;aprì ad una precisa ricerca etnofisiologica sull&#8217;aplomb grazie all&#8217;etnografia. Ha fatto numerosi viaggi di studio in Africa, Portogallo, Asia e America Centrale, che hanno portato alla pubblicazione di numerosi libri sulla sua ricerca. Durante i suoi soggiorni in Portogallo, ha incontrato José Miguel da Fonseca, uno  scaricatore di pesce del porto, che ha sposato e che l&#8217;ha aiutata molto nel suo lavoro. Questi sono stati sanzionati da vari diplomi: uno all&#8217;Ecole Pratique des Hautes Etudes il : &#8220;L&#8217;uso della testa e del cappello degli scaricatori di pesce di Setúbal&#8221;; poi a una D.E.A. su &#8220;Ibero-Maghreb resorge nei secoli XIX e XX in Portogallo&#8221; e infine a una tesi di 2.600 pagine su &#8220;I diversi modi di portare carichi su se stessi&#8221;.</p>
<p><strong>José Miguel da Fonseca</strong> è nato a Setúbal il 17.03.1932, † in Agosto 2015. Fu dichiarato al municipio dal padre il 27.04.1932. Suo padre si guadagnò da vivere come &#8220;descarregador de peixe&#8221;; quando morì, Miguel aveva solo dieci anni, sua madre e sua sorella maggiore lavoravano in una fabbrica di conserve e gestiva la casa, cucinavano e curavano i quattro piccoli. Così non poteva andare a scuola ed è analfabeta, così il suo cervello si è sviluppato in un modo diverso dal nostro, che è stato un aiuto prezioso nella ricerca di Natale. Cominciò a dipingere se stesso per arredare la sua solitudine quando era a Parigi e questa passione non lo lasciò mai.</p>
<p>Ha organizzato numerose mostre in Francia e all&#8217;estero; è permanente in diversi musei d&#8217;arte naif, tra cui quello di Parigi. In Italia, nell&#8217;agosto 2015, poco dopo la sua morte, viene inaugurato il Museo ISA, dove vengono presentate tutte le sue opere, dipinti e ritagli, così come tutto ciò che ha portato con sé dai suoi numerosi viaggi a Noëlle, senza dimenticare le testimonianze della vita portoghese del tempo di sua madre.</p>
<p>Il cervello di Miguel e quello di tutti gli analfabeti si è sviluppato, come quello dei bambini, nel concreto; questi esseri sono chiavi importanti che, aprendo gli occhi, contribuiscono a condurci sulle strade dell&#8217;aplomb diventando per noi, in un certo senso, maestri.</p>
<p>Musée de l’ISA – Italie<br />
Renazzo di Cento (Ferrarra) – Via Pilastro, 59<br />
Tél : 0039 320 066 3575</p>
<p><em>Ultimo aggiornamento Giugno 2018</em></p>

<p>Noëlle Perez è nata a Reims il 28.12.1925. Dopo aver lavorato per 6 anni in Francia con i pochi insegnanti di yoga degli anni &#8217;50, nel 1959 si è recata in India per incontrare B.K.S. Iyengar che l&#8217;ha introdotta allo yoga totale in profondità e le ha permesso di dare un nome alla sua scuola:&#8230;</p>
