{"id":313,"date":"2018-04-27T19:26:22","date_gmt":"2018-04-27T17:26:22","guid":{"rendered":"http:\/\/isaplomb.org\/web\/it\/?post_type=profile&#038;p=313"},"modified":"2018-07-06T08:07:48","modified_gmt":"2018-07-06T06:07:48","slug":"annamaria-rossi","status":"publish","type":"profile","link":"http:\/\/www.aplombitalia.it\/sito\/profile\/annamaria-rossi\/","title":{"rendered":"Annamaria Rossi"},"content":{"rendered":"<style type=\"text\/css\"><\/style><p>Lavora con No\u00eblle Perez e Jos\u00e9 Miguel da 36 anni.<br \/>\n_________________________________________________<br \/>\n<strong>Phone :\u00a0<\/strong>3284724984<br \/>\n_________________________________________________<br \/>\n<strong>Email :\u00a0<\/strong><a class=\"ox-812249ef13-moz-txt-link-abbreviated mailto-link\" href=\"mailto:annarossimaria@libero.it\" target=\"_blank\" rel=\"noopener\">annarossimaria@libero.it<\/a><br \/>\n_________________________________________________<br \/>\nCurriculum:<\/p>\n<p>Nel 1982 quando ho incontrato Noelle la parola \u201cpostura\u201d era entrata nel linguaggio che si riferiva a un dato del corpo umano. Le indicazioni a questo riguardo erano imprecise e molto vaghe e soprattutto prive di modelli di riferimento. Con Noelle si entrava in merito molto concretamente: bacino in anteroversione, curva lombare, colonna lombare, posizionamento della testa, facendo riferimento sempre a liberare la respirazione e come figura si faceva riferimento a immagini che si trovavano sia al positivo che al negativo su giornali o foto scattate. Si praticava e si pratica non a piedi nudi come qualcosa di separato o emarginato dalla vita di tutti i giorni e di ogni momento del quotidiano. Yoga \u00e8 attenzione e questo senza soluzione di continuit\u00e0: di giorno, di notte, al lavoro o in vacanza, yoga nella vita di tutti i giorni. Tutto questo come aiuto insostituibile a vivere la nostra vita in pienezza e al positivo. L\u2019impatto fu molto forte, ma decisamente alla fine di una giornata di lavoro le sensazioni di benessere, il respiro lungo, libero e lo stato d\u2019animo direi proprio di entusiasmo.<\/p>\n<p>Nel 1984 per la prima volta ho sentito il nome di Miguel: la t\u00eate de Miguel, le bassin de Miguel, le cou de Miguel. Miguel a Setubal (Portogallo) non ancora meccanizzata, trasportava carichi di pesce in testa in appiombo e con scioltezza. Nel dizionario del Tommaseo la parola appiombo ha una crocetta accanto per indicare la scomparsa dell\u2019uso di questa parola se non per indicare l\u2019appiombo delle gambe del cavallo. Nella nostra perdita di identit\u00e0 di bipedi, il punto di riferimento era stato individuato. \u201cLe paysans son des maitres mais ils ne savent pas\u201d: Noelle l\u2019aveva individuato \u201cNous sommes un tronc et quatre pattes\u201d, ma come fare a farle diventare due? Attraverso un lavoro sottile, paziente e insostituibile Noelle ci ha aiutato e continua ad aiutarci a decifrare e riprodurre in noi l\u2019appiombo nella vita del quotidiano e con Miguel ballare, ma ballare in appiombo e con libri in testa! E ancora oggi, alla fine di ogni lezione, inevitabilmente balliamo ispirandoci a ci\u00f2 che Miguel ci ha trasmesso. Cos\u00ec inizi\u00f2 un pendolarismo su Parigi ogni 3 o 4 mesi con un ritmo estremamente incalzante. Ad ogni incontro Noelle mi diceva \u201cTu es ancore l\u00e0?\u201d, relegando in un passato remoto e superato l\u2019acquisizione dell\u2019incontro precedente. Ancora oggi ogni incontro con Noelle \u00e8 uno straordinario passo in avanti alla conquista della bipedia che un recentissimo studio di ricercatori italiani pone alla base dell\u2019evoluzione dell\u2019uomo \u201ca modificare la nostra mandibola dando al cervello lo spazio per crescere non \u00e8 stata la scoperta del fuoco, ma il bipedismo\u201d (Scientific Report), non la cultura, ma la biologia! Grazie Noelle! Grazie Miguelle! Grazie anche a te Carla! Ricordo ancora quando tu mi dicesti \u201cNoelle viene a Modena\u201d. Il pendolarismo su Parigi si faceva un po\u2019 pesante nel tempo. Grazie anche a te Stefano! Straordinario quando mi dicesti che l\u2019evento pi\u00f9 importante dell\u2019anno di lavoro si sarebbe tenuto a Pieve di Cento! Continuiamo!<br \/>\n_________________________________________________<br \/>\nCorsi e Seminari:<br \/>\n_________________________________________________<br \/>\nRicerca &#8216;Etnofisiologica&#8217;:<br \/>\n_________________________________________________<\/p>\n<p><em>Ultimo aggiornamento Giugno 2018<\/em><\/p>\n","protected":false},"excerpt":{"rendered":"<p>Lavora con No\u00eblle Perez e Jos\u00e9 Miguel da 36 anni. _________________________________________________ Phone :\u00a03284724984 _________________________________________________ Email :\u00a0annarossimaria@libero.it _________________________________________________ Curriculum: Nel 1982 quando ho incontrato Noelle la parola \u201cpostura\u201d era entrata nel linguaggio che si riferiva a un dato del corpo umano. Le indicazioni a questo riguardo erano imprecise e molto vaghe e soprattutto prive di modelli&#8230;<\/p>\n","protected":false},"featured_media":765,"menu_order":1,"comment_status":"closed","ping_status":"open","template":"","meta":{"advanced_seo_description":"","spay_email":""},"pl-categs":[3],"_links":{"self":[{"href":"http:\/\/www.aplombitalia.it\/sito\/wp-json\/wp\/v2\/profile\/313"}],"collection":[{"href":"http:\/\/www.aplombitalia.it\/sito\/wp-json\/wp\/v2\/profile"}],"about":[{"href":"http:\/\/www.aplombitalia.it\/sito\/wp-json\/wp\/v2\/types\/profile"}],"replies":[{"embeddable":true,"href":"http:\/\/www.aplombitalia.it\/sito\/wp-json\/wp\/v2\/comments?post=313"}],"version-history":[{"count":0,"href":"http:\/\/www.aplombitalia.it\/sito\/wp-json\/wp\/v2\/profile\/313\/revisions"}],"wp:featuredmedia":[{"embeddable":true,"href":"http:\/\/www.aplombitalia.it\/sito\/wp-json\/wp\/v2\/media\/765"}],"wp:attachment":[{"href":"http:\/\/www.aplombitalia.it\/sito\/wp-json\/wp\/v2\/media?parent=313"}],"wp:term":[{"taxonomy":"pl-categs","embeddable":true,"href":"http:\/\/www.aplombitalia.it\/sito\/wp-json\/wp\/v2\/pl-categs?post=313"}],"curies":[{"name":"wp","href":"https:\/\/api.w.org\/{rel}","templated":true}]}}

<style type="text/css"></style><p>Lavora con Noëlle Perez e José Miguel da 36 anni.<br />
_________________________________________________<br />
<strong>Phone : </strong>3284724984<br />
_________________________________________________<br />
<strong>Email : </strong><a class="ox-812249ef13-moz-txt-link-abbreviated mailto-link" href="mailto:annarossimaria@libero.it" target="_blank" rel="noopener">annarossimaria@libero.it</a><br />
_________________________________________________<br />
Curriculum:</p>
<p>Nel 1982 quando ho incontrato Noelle la parola “postura” era entrata nel linguaggio che si riferiva a un dato del corpo umano. Le indicazioni a questo riguardo erano imprecise e molto vaghe e soprattutto prive di modelli di riferimento. Con Noelle si entrava in merito molto concretamente: bacino in anteroversione, curva lombare, colonna lombare, posizionamento della testa, facendo riferimento sempre a liberare la respirazione e come figura si faceva riferimento a immagini che si trovavano sia al positivo che al negativo su giornali o foto scattate. Si praticava e si pratica non a piedi nudi come qualcosa di separato o emarginato dalla vita di tutti i giorni e di ogni momento del quotidiano. Yoga è attenzione e questo senza soluzione di continuità: di giorno, di notte, al lavoro o in vacanza, yoga nella vita di tutti i giorni. Tutto questo come aiuto insostituibile a vivere la nostra vita in pienezza e al positivo. L’impatto fu molto forte, ma decisamente alla fine di una giornata di lavoro le sensazioni di benessere, il respiro lungo, libero e lo stato d’animo direi proprio di entusiasmo.</p>
<p>Nel 1984 per la prima volta ho sentito il nome di Miguel: la tête de Miguel, le bassin de Miguel, le cou de Miguel. Miguel a Setubal (Portogallo) non ancora meccanizzata, trasportava carichi di pesce in testa in appiombo e con scioltezza. Nel dizionario del Tommaseo la parola appiombo ha una crocetta accanto per indicare la scomparsa dell’uso di questa parola se non per indicare l’appiombo delle gambe del cavallo. Nella nostra perdita di identità di bipedi, il punto di riferimento era stato individuato. “Le paysans son des maitres mais ils ne savent pas”: Noelle l’aveva individuato “Nous sommes un tronc et quatre pattes”, ma come fare a farle diventare due? Attraverso un lavoro sottile, paziente e insostituibile Noelle ci ha aiutato e continua ad aiutarci a decifrare e riprodurre in noi l’appiombo nella vita del quotidiano e con Miguel ballare, ma ballare in appiombo e con libri in testa! E ancora oggi, alla fine di ogni lezione, inevitabilmente balliamo ispirandoci a ciò che Miguel ci ha trasmesso. Così iniziò un pendolarismo su Parigi ogni 3 o 4 mesi con un ritmo estremamente incalzante. Ad ogni incontro Noelle mi diceva “Tu es ancore là?”, relegando in un passato remoto e superato l’acquisizione dell’incontro precedente. Ancora oggi ogni incontro con Noelle è uno straordinario passo in avanti alla conquista della bipedia che un recentissimo studio di ricercatori italiani pone alla base dell’evoluzione dell’uomo “a modificare la nostra mandibola dando al cervello lo spazio per crescere non è stata la scoperta del fuoco, ma il bipedismo” (Scientific Report), non la cultura, ma la biologia! Grazie Noelle! Grazie Miguelle! Grazie anche a te Carla! Ricordo ancora quando tu mi dicesti “Noelle viene a Modena”. Il pendolarismo su Parigi si faceva un po’ pesante nel tempo. Grazie anche a te Stefano! Straordinario quando mi dicesti che l’evento più importante dell’anno di lavoro si sarebbe tenuto a Pieve di Cento! Continuiamo!<br />
_________________________________________________<br />
Corsi e Seminari:<br />
_________________________________________________<br />
Ricerca &#8216;Etnofisiologica&#8217;:<br />
_________________________________________________</p>
<p><em>Ultimo aggiornamento Giugno 2018</em></p>

<p>Lavora con Noëlle Perez e José Miguel da 36 anni. _________________________________________________ Phone : 3284724984 _________________________________________________ Email : annarossimaria@libero.it _________________________________________________ Curriculum: Nel 1982 quando ho incontrato Noelle la parola “postura” era entrata nel linguaggio che si riferiva a un dato del corpo umano. Le indicazioni a questo riguardo erano imprecise e molto vaghe e soprattutto prive di modelli&#8230;</p>
